{"id":21,"date":"2017-01-06T11:41:11","date_gmt":"2017-01-06T11:41:11","guid":{"rendered":"http:\/\/www.msi-tirol.com\/?page_id=21"},"modified":"2023-06-07T21:00:48","modified_gmt":"2023-06-07T19:00:48","slug":"clubgeschichte","status":"publish","type":"page","link":"https:\/\/www.msi-tirol.com\/?page_id=21","title":{"rendered":"Clubgeschichte"},"content":{"rendered":"\n<p>Der 2. Weltkrieg war kaum vorbei, da wurde kurz nach dem Wiedererstehen des ATT im Rahmen dieses Clubs auch eine Motorradsektion gegr\u00fcndet. Zu viele un\u00fcberwindbare Hindernisse f\u00fchrten am 6. Dezember 1948 allerdings zu deren Aufl\u00f6sung, noch bevor es so richtig los gehen konnte. Die Gr\u00fcnde hierf\u00fcr lagen auf der Hand: Zwar gab es \u00fcberall eifrige Motorradfanatiker, welche mit nimmerm\u00fcdem Einsatz versuchten, das, was vom Krieg \u00fcbrig geblieben war und nach Fahrzeug aussah, fahrbereit zu machen. Aber es ging nur sehr langsam voran, und so verlor mancher vorzeitig die Geduld. Der Treibstoff war rar und Bereifung sowie Zubeh\u00f6r waren auch kaum aufzutreiben. Die gegr\u00fcndete Motorradsektion tat zwar ihr M\u00f6glichstes um die Mitglieder zu unterst\u00fctzen, war jedoch nicht gefestigt genug, um allen Schwierigkeiten zu trotzen. Und so kam es in der Folge zu der bereits angesprochenen Aufl\u00f6sung.<\/p>\n\n\n\n<p>Es gab jedoch noch genug Motorradfahrer, die aus Liebe zum Sport und von Idealismus getrieben aushielten. Diese Gleichgesinnten taten sich schon bald wieder zusammen und bereits am 10. Februar 1949 fand eine erste Mitgliederversammlung statt. Fritz Nickel wurde gebeten, einen Wahlausschuss zu erstellen. So war dann alles vorbereitet und es konnte in dieser Versammlung die neu gegr\u00fcndete Motorrad Sektion Innsbruck, kurz MSI, wie sich der Motorradclub nun nannte, ausgeschrieben werden. <\/p>\n\n\n\n<p>Gr\u00fcndungstag der Motorrad Sektion Innsbruck ist daher der 10. M\u00e4rz 1949. Der erste Obmann, Fritz Nickel, sowie ein f\u00fcnfk\u00f6pfiger Ausschuss, nahmen sodann ihre Arbeit auf und versuchten, neue Mitglieder zu rekrutieren. Bereits Ende Mai 1949 z\u00e4hlte die Motorradsektion Innsbruck 63 Mitglieder.<\/p>\n\n\n\n<p>Auch das Programm im Gr\u00fcndungsjahr konnte sich sehen lassen: Beispielsweise fand die erste Edi-Linser Ged\u00e4chtnisfahrt nach dem Krieg zum Zirlerberg statt. Bei der ersten Arlbergwertungsfahrt nahmen bereits vier MSI-Mitglieder aktiv teil. Weiteres wurde eine Bildersuchfahrt, eine Fahrt ins Blaue und eine kleine Dolomitenfahrt veranstaltet. Auch wenn diese Ausfahrten unspektakul\u00e4r erscheinen, steckten dahinter dennoch organisatorische Meisterleistungen. Damals eine Reise ins Ausland zu organisieren, war mit vielen H\u00fcrden verbunden, angefangen vom Sammelpass \u00fcber Kautionen bis hin zu Benzinbezugsscheine uvm. Eine Fuchsjagd im Gnadenwald und die erste Krampusbescherung der Verkehrsposten beendeten das erste Fahrtenjahr.<\/p>\n\n\n\n<p>Aber auch der Winter verging nicht ungen\u00fctzt. Monatsversammlungen und Kameradschaftsabende, bei denen verschiedene Vortr\u00e4ge gehalten wurden, festigten die Sektion, welche auch heute, 75 Jahre nach ihrer Gr\u00fcndung, von Sportsgeist, Idealismus und Kameradschaft gepr\u00e4gt ist.<\/p>\n\n\n<div class=\"wp-block-image\">\n<figure class=\"alignright is-resized\"><a href=\"https:\/\/www.facebook.com\/groups\/259951623706\/\" target=\"_blank\" rel=\"https:\/\/www.facebook.com\/search\/top\/?q=msi+-+motorradsektion+innsbruck noopener noreferrer\"><img decoding=\"async\" loading=\"lazy\" src=\"http:\/\/www.msi-tirol.com\/wp-content\/uploads\/2019\/11\/facebook-android.png-l.jpg\" alt=\"\" class=\"wp-image-1606\" width=\"109\" height=\"109\" srcset=\"https:\/\/www.msi-tirol.com\/wp-content\/uploads\/2019\/11\/facebook-android.png-l.jpg 225w, https:\/\/www.msi-tirol.com\/wp-content\/uploads\/2019\/11\/facebook-android.png-l-150x150.jpg 150w, https:\/\/www.msi-tirol.com\/wp-content\/uploads\/2019\/11\/facebook-android.png-l-100x100.jpg 100w\" sizes=\"(max-width: 109px) 100vw, 109px\" \/><\/a><\/figure><\/div>\n\n<div class=\"wp-block-image\">\n<figure class=\"alignleft is-resized\"><a href=\"https:\/\/www.oeamtc.at\" target=\"_blank\" rel=\"noreferrer noopener\"><img decoding=\"async\" loading=\"lazy\" src=\"http:\/\/www.msi-tirol.com\/wp-content\/uploads\/2017\/01\/\u00d6AMTC_Logo.svg_-150x150.png\" alt=\"\" class=\"wp-image-149\" width=\"111\" height=\"111\" \/><\/a><\/figure><\/div>","protected":false},"excerpt":{"rendered":"<p>Der 2. Weltkrieg war kaum vorbei, da wurde kurz nach dem Wiedererstehen des ATT im Rahmen dieses Clubs auch eine Motorradsektion gegr\u00fcndet. Zu viele un\u00fcberwindbare Hindernisse f\u00fchrten am 6. Dezember 1948 allerdings zu deren Aufl\u00f6sung, noch bevor es so richtig los gehen konnte. Die Gr\u00fcnde hierf\u00fcr lagen auf der Hand: Zwar gab es \u00fcberall eifrige&hellip; <a class=\"more-link\" href=\"https:\/\/www.msi-tirol.com\/?page_id=21\"><span class=\"screen-reader-text\">Clubgeschichte<\/span> weiterlesen<\/a><\/p>\n","protected":false},"author":9,"featured_media":0,"parent":0,"menu_order":0,"comment_status":"closed","ping_status":"closed","template":"","meta":[],"_links":{"self":[{"href":"https:\/\/www.msi-tirol.com\/index.php?rest_route=\/wp\/v2\/pages\/21"}],"collection":[{"href":"https:\/\/www.msi-tirol.com\/index.php?rest_route=\/wp\/v2\/pages"}],"about":[{"href":"https:\/\/www.msi-tirol.com\/index.php?rest_route=\/wp\/v2\/types\/page"}],"author":[{"embeddable":true,"href":"https:\/\/www.msi-tirol.com\/index.php?rest_route=\/wp\/v2\/users\/9"}],"replies":[{"embeddable":true,"href":"https:\/\/www.msi-tirol.com\/index.php?rest_route=%2Fwp%2Fv2%2Fcomments&post=21"}],"version-history":[{"count":16,"href":"https:\/\/www.msi-tirol.com\/index.php?rest_route=\/wp\/v2\/pages\/21\/revisions"}],"predecessor-version":[{"id":2371,"href":"https:\/\/www.msi-tirol.com\/index.php?rest_route=\/wp\/v2\/pages\/21\/revisions\/2371"}],"wp:attachment":[{"href":"https:\/\/www.msi-tirol.com\/index.php?rest_route=%2Fwp%2Fv2%2Fmedia&parent=21"}],"curies":[{"name":"wp","href":"https:\/\/api.w.org\/{rel}","templated":true}]}}

<p>Der 2. Weltkrieg war kaum vorbei, da wurde kurz nach dem Wiedererstehen des ATT im Rahmen dieses Clubs auch eine Motorradsektion gegründet. Zu viele unüberwindbare Hindernisse führten am 6. Dezember 1948 allerdings zu deren Auflösung, noch bevor es so richtig los gehen konnte. Die Gründe hierfür lagen auf der Hand: Zwar gab es überall eifrige Motorradfanatiker, welche mit nimmermüdem Einsatz versuchten, das, was vom Krieg übrig geblieben war und nach Fahrzeug aussah, fahrbereit zu machen. Aber es ging nur sehr langsam voran, und so verlor mancher vorzeitig die Geduld. Der Treibstoff war rar und Bereifung sowie Zubehör waren auch kaum aufzutreiben. Die gegründete Motorradsektion tat zwar ihr Möglichstes um die Mitglieder zu unterstützen, war jedoch nicht gefestigt genug, um allen Schwierigkeiten zu trotzen. Und so kam es in der Folge zu der bereits angesprochenen Auflösung.</p>



<p>Es gab jedoch noch genug Motorradfahrer, die aus Liebe zum Sport und von Idealismus getrieben aushielten. Diese Gleichgesinnten taten sich schon bald wieder zusammen und bereits am 10. Februar 1949 fand eine erste Mitgliederversammlung statt. Fritz Nickel wurde gebeten, einen Wahlausschuss zu erstellen. So war dann alles vorbereitet und es konnte in dieser Versammlung die neu gegründete Motorrad Sektion Innsbruck, kurz MSI, wie sich der Motorradclub nun nannte, ausgeschrieben werden. </p>



<p>Gründungstag der Motorrad Sektion Innsbruck ist daher der 10. März 1949. Der erste Obmann, Fritz Nickel, sowie ein fünfköpfiger Ausschuss, nahmen sodann ihre Arbeit auf und versuchten, neue Mitglieder zu rekrutieren. Bereits Ende Mai 1949 zählte die Motorradsektion Innsbruck 63 Mitglieder.</p>



<p>Auch das Programm im Gründungsjahr konnte sich sehen lassen: Beispielsweise fand die erste Edi-Linser Gedächtnisfahrt nach dem Krieg zum Zirlerberg statt. Bei der ersten Arlbergwertungsfahrt nahmen bereits vier MSI-Mitglieder aktiv teil. Weiteres wurde eine Bildersuchfahrt, eine Fahrt ins Blaue und eine kleine Dolomitenfahrt veranstaltet. Auch wenn diese Ausfahrten unspektakulär erscheinen, steckten dahinter dennoch organisatorische Meisterleistungen. Damals eine Reise ins Ausland zu organisieren, war mit vielen Hürden verbunden, angefangen vom Sammelpass über Kautionen bis hin zu Benzinbezugsscheine uvm. Eine Fuchsjagd im Gnadenwald und die erste Krampusbescherung der Verkehrsposten beendeten das erste Fahrtenjahr.</p>



<p>Aber auch der Winter verging nicht ungenützt. Monatsversammlungen und Kameradschaftsabende, bei denen verschiedene Vorträge gehalten wurden, festigten die Sektion, welche auch heute, 75 Jahre nach ihrer Gründung, von Sportsgeist, Idealismus und Kameradschaft geprägt ist.</p>


<div class="wp-block-image">
<figure class="alignright is-resized"><a href="https://www.facebook.com/groups/259951623706/" target="_blank" rel="https://www.facebook.com/search/top/?q=msi+-+motorradsektion+innsbruck noopener noreferrer"><img decoding="async" loading="lazy" src="http://www.msi-tirol.com/wp-content/uploads/2019/11/facebook-android.png-l.jpg" alt="" class="wp-image-1606" width="109" height="109" srcset="https://www.msi-tirol.com/wp-content/uploads/2019/11/facebook-android.png-l.jpg 225w, https://www.msi-tirol.com/wp-content/uploads/2019/11/facebook-android.png-l-150x150.jpg 150w, https://www.msi-tirol.com/wp-content/uploads/2019/11/facebook-android.png-l-100x100.jpg 100w" sizes="(max-width: 109px) 100vw, 109px" /></a></figure></div>

<div class="wp-block-image">
<figure class="alignleft is-resized"><a href="https://www.oeamtc.at" target="_blank" rel="noreferrer noopener"><img decoding="async" loading="lazy" src="http://www.msi-tirol.com/wp-content/uploads/2017/01/ÖAMTC_Logo.svg_-150x150.png" alt="" class="wp-image-149" width="111" height="111" /></a></figure></div>

<p>Der 2. Weltkrieg war kaum vorbei, da wurde kurz nach dem Wiedererstehen des ATT im Rahmen dieses Clubs auch eine Motorradsektion gegründet. Zu viele unüberwindbare Hindernisse führten am 6. Dezember 1948 allerdings zu deren Auflösung, noch bevor es so richtig los gehen konnte. Die Gründe hierfür lagen auf der Hand: Zwar gab es überall eifrige&hellip; <a class="more-link" href="https://www.msi-tirol.com/?page_id=21"><span class="screen-reader-text">Clubgeschichte</span> weiterlesen</a></p>
