{"id":19,"date":"2017-01-06T11:40:20","date_gmt":"2017-01-06T11:40:20","guid":{"rendered":"http:\/\/www.msi-tirol.com\/?page_id=19"},"modified":"2026-01-12T19:15:58","modified_gmt":"2026-01-12T18:15:58","slug":"willkommen-auf-unserer-webseite","status":"publish","type":"page","link":"https:\/\/www.msi-tirol.com\/","title":{"rendered":"Home"},"content":{"rendered":"<div class=\"wp-block-image\">\n<figure class=\"alignright is-resized\"><a href=\"https:\/\/www.oeamtc.at\/standorte\/tirol\/innsbruck-16192401\" target=\"_blank\" rel=\"noopener noreferrer\"><img decoding=\"async\" loading=\"lazy\" src=\"http:\/\/www.msi-tirol.com\/wp-content\/uploads\/2017\/01\/\u00d6AMTC_Logo.svg_-150x150.png\" alt=\"\" class=\"wp-image-149\" width=\"144\" height=\"144\" \/><\/a><\/figure><\/div>\n\n\n<p>Die Motorrad Sektion Innsbruck (MSI) ist eine Sektion des \u00d6AMTC-Tirol und als solche ein Mitglied der gro\u00dfen Familie des \u00d6AMTC.<\/p>\n\n\n\n<p>Die MSI z\u00e4hlt ca. 120 aktive Mitglieder. Diese sind weder an eine spezielle Marke gebunden, noch haben sie sich auf eine bestimmte Art des Motorradvergn\u00fcgens festgelegt. In unserem Kreis ist jeder Mensch willkommen, der an Motorr\u00e4dern und am Motorradfahren Freude hat.<\/p>\n\n\n\n<p>Unsere Aktivit\u00e4ten stehen unter dem Motto<\/p>\n\n\n\n<p class=\"has-text-align-center\"><strong>GEMEINSAM&nbsp;&nbsp; SPORTLICH&nbsp;&nbsp; SICHER<\/strong><\/p>\n\n\n\n<p>Als der wohl \u00e4lteste aktive Motorrad-Club \u00d6sterreichs bietet die MSI ihren Mitgliedern ein abwechslungsreiches Clubprogramm: Ein- bis mehrt\u00e4gige Ausfahrten, Suchfahrten, die traditionelle Gedenkfahrt im Mai und viele gemeinsame Freizeitaktivit\u00e4ten wie z.B.  Schifahren, Eisstockschie\u00dfen, T\u00f6rggelen, Cart-Fahren, Kegeln usw.  geh\u00f6ren zu unseren Aktivit\u00e4ten. Weitere Details \u00fcber das Programm und wie interessierte Motorradbegeisterte mit uns in Kontakt treten k\u00f6nnen, findet ihr auf dieser Homepage.<\/p>\n\n\n<div class=\"wp-block-image\">\n<figure class=\"alignright is-resized\"><a href=\"https:\/\/www.facebook.com\/groups\/259951623706\/\" target=\"_blank\" rel=\"noopener noreferrer\"><img decoding=\"async\" loading=\"lazy\" src=\"http:\/\/www.msi-tirol.com\/wp-content\/uploads\/2019\/11\/facebook-android.png-l.jpg\" alt=\"\" class=\"wp-image-1606\" width=\"86\" height=\"86\" srcset=\"https:\/\/www.msi-tirol.com\/wp-content\/uploads\/2019\/11\/facebook-android.png-l.jpg 225w, https:\/\/www.msi-tirol.com\/wp-content\/uploads\/2019\/11\/facebook-android.png-l-150x150.jpg 150w, https:\/\/www.msi-tirol.com\/wp-content\/uploads\/2019\/11\/facebook-android.png-l-100x100.jpg 100w\" sizes=\"(max-width: 86px) 100vw, 86px\" \/><\/a><\/figure><\/div>\n\n\n<p><br><strong>Kommt&#8217;s vorbei und schaut es euch an<\/strong>!<\/p>\n\n\n\n<div style=\"height:72px\" aria-hidden=\"true\" class=\"wp-block-spacer\"><\/div>\n\n\n\n<p>Unsere Sponsoren<\/p>\n\n\n<div class=\"wp-block-image\">\n<figure class=\"alignleft is-resized\"><a href=\"http:\/\/www.mocker.at\/\" target=\"_blank\" rel=\"noopener noreferrer\"><img decoding=\"async\" loading=\"lazy\" src=\"http:\/\/www.msi-tirol.com\/wp-content\/uploads\/2018\/02\/Unbenannt-1.jpg\" alt=\"\" class=\"wp-image-1076\" width=\"234\" height=\"121\" srcset=\"https:\/\/www.msi-tirol.com\/wp-content\/uploads\/2018\/02\/Unbenannt-1.jpg 600w, https:\/\/www.msi-tirol.com\/wp-content\/uploads\/2018\/02\/Unbenannt-1-300x156.jpg 300w\" sizes=\"(max-width: 234px) 100vw, 234px\" \/><\/a><\/figure><\/div>\n\n<div class=\"wp-block-image\">\n<figure class=\"alignleft\"><a href=\"http:\/\/www.sterzinger.at\/\" target=\"_blank\" rel=\"noopener noreferrer\"><img decoding=\"async\" loading=\"lazy\" width=\"300\" height=\"124\" src=\"http:\/\/www.msi-tirol.com\/wp-content\/uploads\/2018\/02\/sterzinger-300x124.jpg\" alt=\"\" class=\"wp-image-1072\" srcset=\"https:\/\/www.msi-tirol.com\/wp-content\/uploads\/2018\/02\/sterzinger-300x124.jpg 300w, https:\/\/www.msi-tirol.com\/wp-content\/uploads\/2018\/02\/sterzinger.jpg 310w\" sizes=\"(max-width: 300px) 100vw, 300px\" \/><\/a><\/figure><\/div>\n\n<div class=\"wp-block-image\">\n<figure class=\"alignleft is-resized\"><a href=\"http:\/\/www.tiroler-versicherung.at\/\" target=\"_blank\" rel=\"noopener noreferrer\"><img decoding=\"async\" loading=\"lazy\" src=\"http:\/\/www.msi-tirol.com\/wp-content\/uploads\/2018\/02\/TirolerV.png\" alt=\"\" class=\"wp-image-1078\" width=\"243\" height=\"96\" srcset=\"https:\/\/www.msi-tirol.com\/wp-content\/uploads\/2018\/02\/TirolerV.png 357w, https:\/\/www.msi-tirol.com\/wp-content\/uploads\/2018\/02\/TirolerV-300x118.png 300w\" sizes=\"(max-width: 243px) 100vw, 243px\" \/><\/a><\/figure><\/div>\n\n<div class=\"wp-block-image\">\n<figure class=\"alignleft is-resized\"><a href=\"http:\/\/www.schweikart.at\/\" target=\"_blank\" rel=\"noopener noreferrer\"><img decoding=\"async\" loading=\"lazy\" src=\"http:\/\/www.msi-tirol.com\/wp-content\/uploads\/2018\/02\/original_schweikart.jpg\" alt=\"\" class=\"wp-image-1082\" width=\"181\" height=\"165\" srcset=\"https:\/\/www.msi-tirol.com\/wp-content\/uploads\/2018\/02\/original_schweikart.jpg 654w, https:\/\/www.msi-tirol.com\/wp-content\/uploads\/2018\/02\/original_schweikart-300x275.jpg 300w\" sizes=\"(max-width: 181px) 100vw, 181px\" \/><\/a><\/figure><\/div>\n\n<div class=\"wp-block-image\">\n<figure class=\"alignleft\"><a href=\"https:\/\/www.johanniter.at\/tirol\/\" target=\"_blank\" rel=\"noreferrer noopener\"><img decoding=\"async\" loading=\"lazy\" width=\"698\" height=\"170\" src=\"http:\/\/www.msi-tirol.com\/wp-content\/uploads\/2018\/02\/JUHLOGOV.jpg\" alt=\"\" class=\"wp-image-1059\" srcset=\"https:\/\/www.msi-tirol.com\/wp-content\/uploads\/2018\/02\/JUHLOGOV.jpg 698w, https:\/\/www.msi-tirol.com\/wp-content\/uploads\/2018\/02\/JUHLOGOV-300x73.jpg 300w\" sizes=\"(max-width: 698px) 100vw, 698px\" \/><\/a><\/figure><\/div>\n\n\n<p>&nbsp;&nbsp;&nbsp;&nbsp;<\/p>\n\n\n<div class=\"wp-block-image\">\n<figure class=\"alignleft is-resized\"><a href=\"http:\/\/www.motech-zweiradservice.at\/index2.php\" target=\"_blank\" rel=\"noreferrer noopener\"><img decoding=\"async\" loading=\"lazy\" src=\"http:\/\/www.msi-tirol.com\/wp-content\/uploads\/2019\/02\/MT-Logo-01-Kopie-1024x569.jpg\" alt=\"\" class=\"wp-image-1409\" width=\"247\" height=\"137\" srcset=\"https:\/\/www.msi-tirol.com\/wp-content\/uploads\/2019\/02\/MT-Logo-01-Kopie-1024x569.jpg 1024w, https:\/\/www.msi-tirol.com\/wp-content\/uploads\/2019\/02\/MT-Logo-01-Kopie-300x167.jpg 300w, https:\/\/www.msi-tirol.com\/wp-content\/uploads\/2019\/02\/MT-Logo-01-Kopie-768x427.jpg 768w\" sizes=\"(max-width: 247px) 100vw, 247px\" \/><\/a><\/figure><\/div>\n\n\n<figure class=\"wp-block-image size-full is-resized\"><img decoding=\"async\" loading=\"lazy\" src=\"https:\/\/www.msi-tirol.com\/wp-content\/uploads\/2024\/05\/logo_org.png\" alt=\"\" class=\"wp-image-2475\" width=\"206\" height=\"102\" \/><\/figure>\n","protected":false},"excerpt":{"rendered":"<p>Die Motorrad Sektion Innsbruck (MSI) ist eine Sektion des \u00d6AMTC-Tirol und als solche ein Mitglied der gro\u00dfen Familie des \u00d6AMTC. Die MSI z\u00e4hlt ca. 120 aktive Mitglieder. Diese sind weder an eine spezielle Marke gebunden, noch haben sie sich auf eine bestimmte Art des Motorradvergn\u00fcgens festgelegt. In unserem Kreis ist jeder Mensch willkommen, der an&hellip; <a class=\"more-link\" href=\"https:\/\/www.msi-tirol.com\/\"><span class=\"screen-reader-text\">Home<\/span> weiterlesen<\/a><\/p>\n","protected":false},"author":9,"featured_media":0,"parent":0,"menu_order":0,"comment_status":"closed","ping_status":"closed","template":"","meta":[],"_links":{"self":[{"href":"https:\/\/www.msi-tirol.com\/index.php?rest_route=\/wp\/v2\/pages\/19"}],"collection":[{"href":"https:\/\/www.msi-tirol.com\/index.php?rest_route=\/wp\/v2\/pages"}],"about":[{"href":"https:\/\/www.msi-tirol.com\/index.php?rest_route=\/wp\/v2\/types\/page"}],"author":[{"embeddable":true,"href":"https:\/\/www.msi-tirol.com\/index.php?rest_route=\/wp\/v2\/users\/9"}],"replies":[{"embeddable":true,"href":"https:\/\/www.msi-tirol.com\/index.php?rest_route=%2Fwp%2Fv2%2Fcomments&post=19"}],"version-history":[{"count":128,"href":"https:\/\/www.msi-tirol.com\/index.php?rest_route=\/wp\/v2\/pages\/19\/revisions"}],"predecessor-version":[{"id":2549,"href":"https:\/\/www.msi-tirol.com\/index.php?rest_route=\/wp\/v2\/pages\/19\/revisions\/2549"}],"wp:attachment":[{"href":"https:\/\/www.msi-tirol.com\/index.php?rest_route=%2Fwp%2Fv2%2Fmedia&parent=19"}],"curies":[{"name":"wp","href":"https:\/\/api.w.org\/{rel}","templated":true}]}}